3 - 4*f**2 - 6*f + 5. Let v be j(-7). Let n = -223 + v. Is n a prime number?
False
Suppose 0 = -y + 4. Suppose -s = y*s + 5. Let i(f) = 52*f**2 - 2*f - 1. Is i(s) a prime number?
True
Let y(c) = -7*c - 35. Let b be y(-6). Let v(d) = 18*d**2 - d + 18. Is v(b) prime?
False
Let l = 555 + -500. Is l prime?
False
Suppose l + 8 = -n + 5*n, 5*n = -2*l - 68. Is (-974)/(-6) - l/18*-1 prime?
False
Let r be (9/3)/(-6*1/(-1756)). Let l = r + 437. Is l prime?
False
Suppose 4*o = 3*o + 11. Let n = -24 - o. Is (-3619)/n + (-2)/5 composite?
False
Let p(m) = -3*m**3 + 11*m**2 - 5 - 13*m**2 + 6*m**3 - 2*m - 8. Is p(6) composite?
True
Let u = -3950 + 6921. Is u a prime number?
True
Let o = 5 + -8. Let i be (-1)/o - (-233)/3. Let r = -47 + i. Is r prime?
True
Let g be (-3)/(-1) - (-4)/2. Suppose j = g*b - j + 8, -b = -4*j + 16. Suppose b = s - 2*k - 2*k - 27, 5*k = 5*s - 120. Is s a prime number?
True
Suppose 5*t - 8725 - 15693 = -3*m, 5*t - 2*m = 24413. Is t a prime number?
False
Suppose 86*i + 9354 = 83*i. Is (i/(-3))/((-55)/(-15) + -3) a prime number?
True
Let h(b) = -159*b - 1. Let l(o) = 158*o + 1. Let v(a) = 3*h(a) + 4*l(a). Let w be v(1). Is -2*1 - w/(-4) a composite number?
False
Suppose 0 = -m + 5*c + 1111, -4*c + 3584 + 1855 = 5*m. Is m a composite number?
False
Let r(m) = -2*m**3 - 2*m**2 + m. Let q be r(-2). Suppose o + 1100 = q*o. Suppose -5*w + 755 = -5*b, 4*w - o = b + 378. Is w a composite number?
False
Let i be 4/(16/20)*-20. Let d be i*(1 - 460/16). Suppose b - 1644 = -2*b - 3*v, 5*b - 2*v - d = 0. Is b a composite number?
True
Suppose 15*r - 40 = 10*r. Let z = r + -5. Suppose -j - 157 = -l, 5*l + 2*j + z*j = 785. Is l composite?
False
Suppose 64465 = 5*p + 4*x, 0*p - 64455 = -5*p - 2*x. Is p composite?
False
Let l(b) = -35*b**2 + 6*b - 8. Let p be l(-7). Let k = p + 2916. Is k prime?
True
Let v(p) = -p**3 - 3*p**2 + 4. Let r(m) = m + 4. Let u be r(-7). Let q be v(u). Suppose 15 + 245 = q*k. Is k a prime number?
False
Let j(m) = 140*m**2 - 25*m + 2. Is j(5) composite?
True
Suppose 5*k - 376 = 2349. Is k prime?
False
Suppose 0 = 5*x + 28 - 98. Let r = x + -11. Suppose 0 = 4*h + r*k - 296, 63 = -0*h + h - 2*k. Is h a prime number?
True
Suppose 5*d - 13070 - 169927 = -4*q, 4*d = -3*q + 137249. Is q a composite number?
True
Let r be 14/(-3)*48/(-56). Suppose 4*o = -r*x + 2*x + 510, -2*x + o + 530 = 0. Is x a composite number?
False
Is ((-2 - 3) + 6)*10306/2 composite?
False
Suppose 4*h - 2*h + 3*r - 68799 = 0, 137601 = 4*h + 3*r. Is h a composite number?
True
Let x(w) = -w**2 + 36*w - 3. Let c be x(16). Let a be -8*(-1)/2 + c. Suppose -3*f + a = 3*h, 44 = f - 3*h - 79. Is f a prime number?
False
Suppose 432 + 732 = -12*b. Is (b/(-3))/(2/66) a prime number?
False
Let u = 689 - 342. Let o = u - -134. Is o a composite number?
True
Is (-132149)/(-7) - 5/((-210)/(-18)) composite?
True
Let k be 18/4*(-20)/(-45). Suppose 5*g - 9862 = k*p - p, -2*g - p + 3949 = 0. Is g a prime number?
True
Suppose 34866 = 2*w - 5*t, -3*w = 5*t + 1425 - 53774. Is w a composite number?
False
Let l(b) = b**2 + 6*b + 11. Let n = 0 + -5. Let k be l(n). Is (k/(-12))/(2/(-76)) composite?
False
Let c be (1/(-3))/((-5)/30). Suppose 0 = -4*m - 3*d + 2, -2*m + 5*d + c = -12. Is 957/6*4/m a prime number?
False
Suppose 13862 = 3*k + 7*o - 2*o, -4*o = -4*k + 18472. Is k a prime number?
False
Let i be 177*(-1 - 34/(-6)). Let a(y) = -y**3 - 2*y**2 + 3. Let n be a(6). Let o = i + n. Is o prime?
True
Let s = -655 - -3276. Is s a prime number?
True
Let w(g) = g**3 + 3*g**2 - 2*g - 10. Let d be w(-10). Let a = 508 - d. Is a a composite number?
True
Let z(l) = 126*l**2 - 47*l - 18. Is z(-7) a prime number?
False
Suppose -3506 = 4*p + m + m, -5*p - 4387 = 4*m. Let h = p - -1446. Suppose 4*i - 102 = b - h, 496 = b + 5*i. Is b composite?
True
Is (0 - 54)/(-9) + 3381 a composite number?
True
Suppose n - 10 = 5*x - n, x - 10 = -2*n. Suppose x = 20*c - 469 - 1471. Is c composite?
False
Let g(y) = y**2 + 6*y + 8. Let p be g(-7). Suppose b - 6*b = -p. Suppose b*u + 605 = 5*o, -3*o = u - 235 - 128. Is o composite?
True
Let h(s) = -s**3 + 3*s**2 - 5*s + 3. Let u be h(3). Let x(z) = -185*z - 7. Is x(u) prime?
True
Suppose -2*v = -2*x - 161306, -3*v + 2*x - 80647 = -4*v. Is v a prime number?
True
Suppose -10 = -5*i, -5*t - 2*i = -0*i - 39. Let a be (-1)/(-1) - (-2 + -2). Suppose a*f = q - t + 3, -4*q - 2*f = -82. Is q composite?
False
Let z(h) = -h**2 - 13*h + 28. Let c be z(-15). Is (3/6)/((-1203)/602 - c) a prime number?
False
Suppose 0 = -3*b + 6 + 3. Let u be 97/b + (-8)/(-12). Suppose 0 = -6*h + 5*h + u. Is h composite?
True
Let l(b) = -2*b**2 - 3*b + 2. Let c be l(-2). Let g(i) = -i**3 - i + 449. Is g(c) composite?
False
Suppose 0 = -4*z - 0*z - 8720. Let j = -1291 - z. Is j composite?
True
Suppose -14*m + 349986 = 38780. Is m a composite number?
False
Let p(n) = -n**3 - n**2 - n - 1. Let o be p(-1). Let y(g) = 5 + 3*g + 23*g + o. Is y(4) a prime number?
True
Let m be (51/(-3))/(5 + -4). Is (16 + m)/(-1*(-2)/(-134)) a composite number?
False
Let n = 2139 + 1788. Let y = n + -2672. Is y a composite number?
True
Let c(z) = 185*z**2 - z + 1. Let k be (-14)/49 - 60/(-14). Let l(a) = 2*a - 10. Let u be l(k). Is c(u) a composite number?
False
Let b be (-56)/(-32)*(-7 - 1). Let p be (-18)/(-126) - (-7128)/b. Let y = p + 772. Is y a composite number?
False
Suppose 3*i = -3*i + 1272. Suppose -4*j = 4*m + i, -3*m + 159 = -3*j - 0*m. Let l = j - -99. Is l composite?
True
Let o(c) = 2*c**3 + 4*c**2 - 3*c + 922. Let v(n) = 6*n**3 + 11*n**2 - 8*n + 2765. Let h(d) = -8*o(d) + 3*v(d). Is h(0) a prime number?
True
Is 28286 + 3 - (11 + -17) a composite number?
True
Let d(h) = 626*h**2 + 19*h - 209. Is d(7) composite?
True
Suppose 11 + 5 = -4*s, 4*s + 7 = 3*b. Let u be 4/(-6) - (-88)/6. Let n = b + u. Is n a prime number?
True
Is (2*(0 - (-9615)/(-10)))/(-1) a prime number?
False
Let p = 10 + -10. Let k(t) = -t**3 - t**2 - t - 4. Let a be k(p). Is a/(-12) + 1108/6 a composite number?
True
Let p be 3*(-1)/((-3)/1). Let g be (-54)/(-2) + (0 - p). Let t = g - -161. Is t composite?
True
Let x(o) = 4*o - 9. Let h = 273 - 561. Let k be h/(-21) + 4/14. Is x(k) a composite number?
False
Let x(i) = 5380*i**2 - 11*i - 2. Is x(-1) a prime number?
False
Let p = -1 - 0. Let w be (3 + p)/(2/4). Is 4*41 - w/4 a composite number?
False
Let q = 231 + 440. Is (q - -1) + 1 + 0 prime?
True
Let x(w) = w**3 - 16*w**2 - 14*w - 15. Let o be x(17). Let d be ((-54)/o)/((-1)/2). Suppose -4*q + 0*k = k - 853, -k + 640 = d*q. Is q a composite number?
True
Let h = 25550 + -15033. Is h composite?
True
Let t = 499 + 8. Let y be 4/(7/(2541/6)). Let g = t - y. Is g a composite number?
True
Suppose -24 = -2*t - 2*t. Let p(q) = 12*q - t*q - 94*q - 31*q. Is p(-1) prime?
False
Let d = 374 + -99. Suppose -d = 282*h - 287*h. Is h prime?
False
Suppose -3 = x, 24*x - 10096 = -2*c + 22*x. Is c prime?
True
Let l(p) = -1 + 0 + 69*p**2 + 20*p - 13*p. Is l(3) composite?
False
Let x = 2 + 0. Let d(b) = -5 + 7*b**2 - 3*b + b**3 - 2*b**3 + 2*b + x*b**3. Is d(-4) composite?
False
Let v = -62 - -65. Suppose v*c - 6*c + 555 = 0. Is c prime?
False
Suppose 0 = 21*v - 40*v + 413573. Is v a prime number?
True
Let h(v) = -5*v + 22. Let p be h(3). Is 4 - (p - 1)*(-11)/2 a composite number?
False
Suppose -3*x = -15, 5*x - 117 = -2*k + 128. Let s = 53 + -49. Suppose -2*l = o - 3*o - 110, 2*l + s*o = k. Is l a prime number?
False
Let h be -87*(0 - (-4)/(-12)). Let y = 32 - h. Suppose 3*r = 4*r + 3, -k + y*r + 650 = 0. Is k composite?
False
Let i = -2172 + 3061. Is i a composite number?
True
Suppose 0 = -2*k - 4*g + 24122, -1 + 6 = 5*g. Is k prime?
False
Suppose 0*y - 2*y = 2010. Let n = y + 2012. Suppose -6*u + 505 = -4*u - 3*r, 3*r + n = 4*u. Is u composite?
False
Let i(a) = -769*a**3 + 11*a**2 + a - 10. Is i(-3) composite?
False
Let x(o) = -2*o + 4 + 5*o + 42*o**2 - 4 + 2. Is x(-3) a prime number?
False
Suppose -10*t = -12038 - 15012. Is t composite?
True
Suppose -5*s + 15 = -b, 7 = 3*s - 2*b - 2. Suppose -s*q = -8*q + 3365. Is q a composite number?
False
Suppose 63*x = 68*x - 11665. Is x prime?
True
Suppose 91*l - 90*l = 2*m - 9930, -m + 4979 = -4*l. Is m composite?
True
Let o = 26818 + -1751. Is o prime?
False
Let a be (4/(-3))/(6/(-18)). Suppose -a*f + 9*f = 3715. Is f 